e tens digit of 15634554?
5
What is the millions digit of 59132230?
9
What is the millions digit of 221741195?
1
What is the billions digit of 1219199831?
1
What is the millions digit of 114459320?
4
What is the thousands digit of 9433489?
3
What is the ten thousands digit of 91159685?
5
What is the hundred millions digit of 1160958014?
1
What is the ten millions digit of 1073183469?
7
What is the hundreds digit of 425654423?
4
What is the units digit of 235691757?
7
What is the ten millions digit of 254592414?
5
What is the ten thousands digit of 284894411?
9
What is the hundred thousands digit of 39677354?
6
What is the units digit of 261754946?
6
What is the hundred thousands digit of 120342383?
3
What is the thousands digit of 2644223824?
3
What is the hundreds digit of 95034638?
6
What is the hundreds digit of 3481967643?
6
What is the ten millions digit of 238428791?
3
What is the units digit of 76144364?
4
What is the units digit of 61976695?
5
What is the thousands digit of 1950186827?
6
What is the hundred millions digit of 106522316?
1
What is the millions digit of 85546507?
5
What is the hundred thousands digit of 776711?
7
What is the ten thousands digit of 89595015?
9
What is the ten millions digit of 192093696?
9
What is the hundred millions digit of 725752419?
7
What is the tens digit of 71249599?
9
What is the millions digit of 9345503?
9
What is the ten thousands digit of 276276192?
7
What is the millions digit of 3639253261?
9
What is the tens digit of 169460209?
0
What is the hundreds digit of 31150797?
7
What is the hundreds digit of 9032813827?
8
What is the hundred thousands digit of 140073084?
0
What is the hundred millions digit of 1321571348?
3
What is the billions digit of 1154460894?
1
What is the thousands digit of 63920792?
0
What is the units digit of 233431518?
8
What is the millions digit of 6293002381?
3
What is the hundred millions digit of 239841341?
2
What is the ten thousands digit of 693252381?
5
What is the ten millions digit of 37747308?
3
What is the thousands digit of 1383744975?
4
What is the hundred thousands digit of 51014821?
0
What is the units digit of 74774774?
4
What is the units digit of 6934181?
1
What is the hundred thousands digit of 290494385?
4
What is the hundreds digit of 495941083?
0
What is the hundreds digit of 88807265?
2
What is the ten thousands digit of 163908294?
0
What is the units digit of 301348496?
6
What is the tens digit of 26076030?
3
What is the hundred thousands digit of 195241?
1
What is the units digit of 61751674?
4
What is the millions digit of 12786606?
2
What is the ten thousands digit of 5512136769?
3
What is the hundred thousands digit of 1328399025?
3
What is the ten thousands digit of 874157809?
5
What is the thousands digit of 40469760?
9
What is the thousands digit of 785052926?
2
What is the hundreds digit of 1134318678?
6
What is the hundred thousands digit of 23108112?
1
What is the millions digit of 6921192352?
1
What is the ten millions digit of 449311130?
4
What is the millions digit of 2247584983?
7
What is the thousands digit of 739369964?
9
What is the tens digit of 53680805?
0
What is the tens digit of 1268882801?
0
What is the hundred thousands digit of 274525344?
5
What is the hundred millions digit of 268186440?
2
What is the hundreds digit of 3787507590?
5
What is the tens digit of 2336681665?
6
What is the thousands digit of 30139785?
9
What is the hundred millions digit of 349082935?
3
What is the hundreds digit of 131011064?
0
What is the hundred thousands digit of 4325867350?
8
What is the hundreds digit of 24602320?
3
What is the thousands digit of 2095050450?
0
What is the ten millions digit of 353458601?
5
What is the ten millions digit of 48560031?
4
What is the tens digit of 42404850?
5
What is the hundreds digit of 37029383?
3
What is the ten thousands digit of 26767121?
6
What is the tens digit of 593830452?
5
What is the units digit of 283727357?
7
What is the ten millions digit of 124678826?
2
What is the thousands digit of 1920019303?
9
What is the millions digit of 79372410?
9
What is the hundreds digit of 1131117147?
1
What is the thousands digit of 51563524?
3
What is the tens digit of 1531406323?
2
What is the ten millions digit of 7866220901?
6
What is the ten millions digit of 15720050?
1
What is the millions digit of 22480841?
2
What is the ten thousands digit of 2856289398?
8
What is the billions digit of 1591965308?
1
What is the millions digit of 44013897?
4
What is the units digit of 1495778949?
9
What is the ten thousands digit of 1743149427?
4
What is the millions digit of 7950909?
7
What is the billions digit of 3208406256?
3
What is the hundred millions digit of 152807607?
1
What is the units digit of 48560974?
4
What is the hundred thousands digit of 1581330672?
3
What is the hundreds digit of 2760960349?
3
What is the billions digit of 3668720063?
3
What is the hundreds digit of 199848075?
0
What is the tens digit of 3302774211?
1
What is the millions digit of 1369911317?
9
What is the units digit of 6088914354?
4
What is the hundred millions digit of 311685567?
3
What is the tens digit of 716434330?
3
What is the millions digit of 164266989?
4
What is the hundreds digit of 558328518?
5
What is the units digit of 32664783?
3
What is the ten thousands digit of 9964619?
6
What is the millions digit of 200552091?
0
What is the thousands digit of 582644305?
4
What is the hundred millions digit of 1793904154?
7
What is the millions digit of 153840121?
3
What is the millions digit of 48890450?
8
What is the thousands digit of 667861431?
1
What is the hundred millions digit of 260193815?
2
What is the ten thousands digit of 46383794?
8
What is the thousands digit of 566798554?
8
What is the units digit of 8089288?
8
What is the hundred thousands digit of 120446774?
4
What is the units digit of 1838406703?
3
What is the units digit of 31775310?
0
What is the units digit of 3334562290?
0
What is the hundred thousands digit of 1211201949?
2
What is the thousands digit of 227405958?
5
What is the units digit of 566118568?
8
What is the thousands digit of 559314714?
4
What is the hundred thousands digit of 18329128?
3
What is the hundreds digit of 5942674604?
6
What is the thousands digit of 7704106043?
6
What is the tens digit of 634495188?
8
What is the hundred thousands digit of 493901938?
9
What is the units digit of 763698359?
9
What is the ten millions digit of 165628244?
6
What is the thousands digit of 199759344?
9
What is the millions digit of 1234356005?
4
What is the hundreds digit of 34915905?
9
What is the hundreds digit of 219856711?
7
What is the millions digit of 132044087?
2
What is the thousands digit of 759547878?
7
What is the hundreds digit of 1234538956?
9
What is the units digit of 1158268171?
1
What is the millions digit of 3024579418?
4
What is the ten thousands digit of 1439610531?
1
What is the ten millions digit of 1388924425?
8
What is the tens digit of 172194043?
4
What is the thousands digit of 30618074?
8
What is the millions digit of 273807318?
3
What is the millions digit of 51744191?
1
What is the tens digit of 7502302831?
3
What is the thousands digit of 20681034?
1
What is the millions digit of 3778732395?
8
What is the ten thousands digit of 740855428?
5
What is the ten millions digit of 1162621917?
6
What is the hundreds digit of 77327529?
5
What is the hundred millions digit of 459278719?
4
What is the tens digit of 22921682?
8
What is the units digit of 9098819?
9
What is the millions digit of 1102402526?
2
What is the hundred millions digit of 399085550?
3
What is the ten thousands digit of 105478518?
7
What is the ten thousands digit of 2316515153?
1
What is the hundreds digit of 80599797?
7
What is the ten millions digit of 227860975?
2
What is the hundred thousands digit of 147659049?
6
What is the units digit of 480803692?
2
What is the ten thousands digit of 1532853256?
5
What is the millions digit of 901992760?
1
What is the ten millions digit of 344331161?
4
What is the tens digit of 237635646?
4
What is the millions digit of 1289404073?
9
What is the hundred thousands digit of 696547058?
5
What is the hundreds digit of 4750627800?
8
What is the thousands digit of 23428171